t x be d/(-28) + (-6)/21. Suppose -3*c = -12*c + x. List the prime factors of c.
113
Suppose -2*c - 5*p + 5795 = 0, c - 401 = -4*p + 2498. Suppose 6*l = -303 + c. List the prime factors of l.
2, 3
Suppose 5*s - 1488 = s. Suppose -3*b + 10 = -y, -3*y + 0*b + 3*b - 6 = 0. Suppose s = y*p + 4*p. List the prime factors of p.
2, 31
Suppose 4*x = -3 + 15. Suppose -3*h + 4*h - 383 = -x*q, -1161 = -3*h - 5*q. List the prime factors of h.
2, 7
Suppose -5*b = m + 14941, 4270 = -2*m + 5*b - 25687. What are the prime factors of (-2)/6 + m/(-42)?
2, 89
Suppose 0*k - 50 = -25*k. Let v(u) = 20*u**2 + 6*u - 3. List the prime factors of v(k).
89
Suppose -4*c = -o + 17893, -14*c + 17*c + 6 = 0. List the prime factors of o.
5, 7, 73
Let m = 185 + -171. Suppose 0 = s + 17*b - m*b - 1052, 4*s + 2*b = 4168. List the prime factors of s.
2, 5, 13
Suppose -2 = 10*i + 68. Let k be (-2)/i + (-76)/28*-1. List the prime factors of 4 - (5 - k) - -33.
5, 7
Suppose 3 - 3 = 47*s. Suppose -3*r + v = -122, s = 4*v - 0*v - 16. List the prime factors of r.
2, 3, 7
Let k be -1 + (-3)/(-9) - 22/(-6). Suppose k*j - 7*j = o - 1762, o - 442 = -j. List the prime factors of j.
2, 5, 11
Suppose 4*h - 20 = 4. Suppose -1 = v - h. Let d = v - -49. List the prime factors of d.
2, 3
Let l = -479 - -484. Suppose -2*v + 2689 = -a, 0*a + 6720 = 5*v - l*a. List the prime factors of v.
5, 269
Let h be (4 + (-14)/3)*144. Let x be 208*-5*(-3)/30. Let a = x - h. What are the prime factors of a?
2, 5
Let k(t) = -t**3 - 11*t**2 - 11*t - 3. Let f be k(-8). Let q = 205 + f. Suppose -14*j = -15*j + q. List the prime factors of j.
2, 7
Let x be (-5 - -1 - -3)*-8. Suppose -5*r = -x*r + 9. Suppose 83 + 139 = r*q. List the prime factors of q.
2, 37
Let j be 1 + (2/(-5) - 696/(-40)). Let s(q) = 5*q + 41. List the prime factors of s(j).
131
Let g = 181 + -177. Suppose -4*w + 3404 = g*i, 2*i + 4*w - 2557 = -i. What are the prime factors of i?
7, 11
Let x be (23160/(-50) - -3) + 4/(-5). Let l = 993 + x. What are the prime factors of l?
2, 7, 19
Suppose 112200 = -76*x + 86*x. List the prime factors of x.
2, 3, 5, 11, 17
Let y(s) = 1097*s**2 - 3*s + 4. Let v be -1*(63/9 - 8). What are the prime factors of y(v)?
2, 3, 61
Let b(x) = -483*x**2 + 4*x. Let g be b(-1). Let q = g + 825. What are the prime factors of q?
2, 13
Let s = 528 + -528. Suppose -2*q - 6*l + 3*l + 1700 = 0, s = q - l - 860. What are the prime factors of q?
2, 107
Let g = 119 + -119. Suppose 3*z + 3*x - 2328 = g, 5*x - x - 782 = -z. List the prime factors of 2/4*z/12*8.
2, 3, 43
Suppose -231090 = -4*t + 3*m - 2*m, -2*t - m = -115536. List the prime factors of t.
3, 7, 131
Suppose 6*g - 131*g = -15*g - 842050. List the prime factors of g.
5, 1531
Let a be 3/2*(-40)/15 + 10. Suppose -a*d + 2050 = 148. List the prime factors of d.
317
Let x(c) = -20*c**2 - 640*c + 74. List the prime factors of x(-29).
2, 907
Suppose 175*i = -79*i + 15811500. List the prime factors of i.
2, 3, 5, 83
Let p(y) = y**3 + 7*y**2 + 5*y + 6. Let f be p(-6). Let r(g) = -17 - 3 + 2*g - f*g. List the prime factors of r(-9).
2, 5, 7
Suppose -31*m = -33499 - 32717. What are the prime factors of m?
2, 3, 89
Let u be 240/110 + -3 + 124/44. Suppose 0*s + x + 617 = u*s, s + 2*x - 301 = 0. List the prime factors of s.
307
Let p = -19 + 138. Let l(u) = 16*u - 4*u**2 + 0*u**3 - p + 108 - u**3. List the prime factors of l(-9).
2, 5
Let b = -149 + 98. Let z = b + 53. Suppose -z*l = -3*u - l + 44, 0 = 2*u + 5*l - 35. List the prime factors of u.
3, 5
Let n(t) = 4*t + 3*t + 11*t - 19*t + 3. Let p be n(-3). What are the prime factors of (p + 2)*30/8?
2, 3, 5
Suppose 3*v = -5*q + 11, -4*q = -v - q - 1. Suppose 134 = v*x - 2014. List the prime factors of x.
2, 3, 179
Let q = -47 - -45. Let g be (58 - 2)*q*(-1 - 0). Suppose -h = 3*y - 170, -h + 3*y + 34 = -g. What are the prime factors of h?
2, 79
Let a = -614 - -617. Suppose -a*w = -2*w - 721. What are the prime factors of w?
7, 103
Let u be 0 + 6/21 + (-302561)/(-49). Suppose 17*j - 625 = u. List the prime factors of j.
2, 5
Let b = -98 + 100. Let k(d) = 6*d**2 + 4*d**2 - 4*d + d**3 - 12*d**2 + d**b + 14. List the prime factors of k(5).
2, 47
What are the prime factors of 4 - (-15 - -145464)*(5 - 32/6)?
48487
Let f(z) = -z + 3. Let p be f(1). Suppose -4*a = 5*i - 872 - 1059, 0 = p*i + 5*a - 769. What are the prime factors of i?
3, 43
Suppose 31*l - 14440 = 27*l. Suppose 43*q - 33*q = l. List the prime factors of q.
19
Let j = -1 + 1. Let c(u) = 65 - 50 + 3*u**2 - 2*u**2 + 44 - u + 159*u**3 - 160*u**3. List the prime factors of c(j).
59
Let j = -171 - -176. Let l(g) = 6*g + 4. List the prime factors of l(j).
2, 17
Suppose -2*g = -4*g - 12, -5*j = -g - 138381. What are the prime factors of j?
3, 5, 41
Suppose 1207 = t - 14*g + 10*g, 2*g = 4*t - 4884. Let v = -580 + t. List the prime factors of v.
643
Let u be 3/(-18) + (-1011)/(-18). Suppose -c = -3*q + 16, -4*q - 5*c = 2 - 17. Suppose g - u = -f + 26, -q*g = -2*f - 375. What are the prime factors of g?
7, 11
Let k = 116 + -13. Let u = k + -100. Suppose u*t - 8*t + 1020 = 0. What are the prime factors of t?
2, 3, 17
Suppose -3*c + 9 = 0, -2*o = 2*o + 3*c - 1505. Suppose -o = 16*d + d. List the prime factors of d - -19 - -2*94.
5, 37
Let r(u) = 185*u + 14072. List the prime factors of r(0).
2, 1759
Let f = 302 + -188. Suppose f = -2*i + 866. What are the prime factors of i?
2, 47
Let x(q) = 24001*q**2 - 114*q - 117. List the prime factors of x(-1).
2, 13, 71
Suppose -798*u + 801*u - 4*h - 29544 = 0, 0 = 4*u - 4*h - 39392. List the prime factors of u.
2, 1231
Let j(m) = -1 - 6 + 829*m + 2 - 150*m. Let u be j(1). Suppose 4*i - 2*i + u = 4*o, -2*i = -o + 176. List the prime factors of o.
2, 83
What are the prime factors of (-73964270)/(-1884) - 2/12?
11, 43, 83
Suppose 2*k + p = -962, -5*k - 5*p = -0*p + 2410. Let y = k - -771. List the prime factors of y.
3, 97
Suppose 0 = -77*n + 42331 + 969526. List the prime factors of n.
17, 773
Let l(w) = w**3 + 17*w**2 - 18*w + 3. Suppose 5*u = 2*d - 45 - 49, -4*d = -5*u - 98. Let g be l(u). List the prime factors of ((-11)/4)/(g/(-60)).
5, 11
Let j(b) = 655*b + 226. Let a be j(6). Let t = 5842 - a. What are the prime factors of t?
2, 3, 281
Let k = -34 + 79. Suppose 33*q - k*q = -8424. List the prime factors of q.
2, 3, 13
Let d(i) = -2*i**3 + i**2 + 13*i + 141. List the prime factors of d(-16).
17, 29
Suppose 51*n = -c + 56*n + 3017, 0 = 3*c + 2*n - 9102. List the prime factors of c.
2, 379
Let i = -10307 - -18689. List the prime factors of i.
2, 3, 11, 127
Let t(k) = -27*k + 7. Let d be t(-8). Suppose d = q - 4*s, 2*q + s - 273 - 164 = 0. What are the prime factors of q?
3, 73
Let q be 0*((-10)/6 - -2) - -2. Let g = 373 - 150. Suppose 4*w + n = g + 551, -780 = -4*w + q*n. What are the prime factors of w?
2, 97
Let b(v) be the third derivative of -v**6/60 - v**5/8 + v**4/6 + 22*v**2. Let r(o) be the second derivative of b(o). List the prime factors of r(-9).
3, 31
Let q(s) = s**2 + 326*s - 99. What are the prime factors of q(65)?
2, 6329
Let r be (-2)/((-4)/(-3))*(12 - 14). Suppose 3*m - r*d - 18 = 0, -d + 3*d = 0. Suppose 0 = m*a + a - 910. List the prime factors of a.
2, 5, 13
Suppose -143*m = 636113 - 2160922. List the prime factors of m.
10663
Let y be (-5863)/4 + 1/(-4). Let z = -728 - y. Suppose 0 = -2*p + 8*p - z. What are the prime factors of p?
3, 41
Suppose -t + 396 = -4*c + 2875, -3*t = -15. Suppose c + 303 = 3*z. List the prime factors of z.
2, 7, 11
Let b be (-46)/((-1)/(-1))*(-5)/(-10). Let o(c) = -c**3 - 23*c**2 - c - 17. Let x be o(b). Let p(w) = 6*w**2 - w + 5. List the prime factors of p(x).
5, 43
Suppose 2*s - m - 35 = 0, -9*m + 4*m - 55 = -2*s. Let b(h) = h**3 - 13*h**2 - 10*h + 75. What are the prime factors of b(s)?
3, 5
Let q(d) = -d**3 + 5*d**2 + 79*d + 376. List the prime factors of q(-9).
17, 47
Suppose 22*x - 164 - 34 = 0. Let s be x/((-315)/20) + (-46)/(-7). Suppose s*u + 2*u - 1056 = 0. List the prime factors of u.
2, 3, 11
Suppose -4*j = 5*p - 1, -2*p - 2*j + 2 = 2*p. List the prime factors of p/(2/(-1 + 331)).
3, 5, 11
Suppose 35*n = 693092 + 481515 - 144312. What are the prime factors of n?
29437
Suppose 440*d - 600*d = -5352800. List the prime factors of d.
5, 6691
Let v be ((-8)/6)/((112/225)/(-28)). Let o = v - -103. L